= -5*u + 2*u. Calculate the greatest common factor of 10 and u.
10
Let w be (-2)/2*(4 - (-4 - -26)). What is the greatest common divisor of 2 and w?
2
Let j(z) = 3*z + 1. Let v be j(-3). Let t(k) = -k**2 - 9*k + 5. Let s be t(v). What is the highest common divisor of s and 65?
13
Suppose 2*g - 5 - 1 = 0. Suppose g*v - 25 = -2*v. Let w(l) = l + 7. Let r be w(v). Calculate the greatest common factor of r and 12.
12
Let g be 7 + 3 + (1 - 2). What is the highest common factor of g and 27?
9
Let k(b) = b**2 - 19*b - 39. Let v be k(21). Calculate the highest common divisor of 3 and v.
3
Let i = 36 - 3. Suppose 87 - i = 3*m. What is the greatest common factor of 6 and m?
6
Suppose 6*l + 6*l - 144 = 0. Calculate the greatest common divisor of 66 and l.
6
Let i be (-6)/15 + 74/10. Let p be 2/i + 3672/84. What is the highest common factor of p and 11?
11
Suppose 3*j + 112 = 7*j. Let t(p) = 3*p. Let w be t(-2). Let u be w/18 - (-43)/3. What is the greatest common factor of u and j?
14
Let w = 25 + -21. Suppose w*z = 30 - 6. What is the highest common factor of z and 66?
6
Suppose f - 7 = -3*m, 0 = -m - m - 2*f + 2. Suppose -5*u - 11 + 1 = 0, 2*c + m*u = 34. Calculate the greatest common factor of c and 160.
20
Let n(k) = -15*k**3 + 2*k**2 + 2*k. Let d be n(-1). What is the highest common divisor of d and 105?
15
Suppose -3*n = a + 3*a - 11, 0 = 5*n + 3*a - 11. Let j = -14 + 19. Calculate the greatest common factor of j and n.
1
Suppose 3*r - 100 = -2*r. Let v = r + -13. Calculate the highest common divisor of v and 49.
7
Let x = -195 + 275. Suppose 3*f - 91 = 5*u, -4*f = 2*u - x - 50. Calculate the greatest common factor of f and 8.
8
Let y(w) = -w**3 + 12*w**2 - 3*w + 11. Let s be y(8). Calculate the greatest common divisor of s and 27.
27
Let f be (28/21)/((-4)/(-126)). Calculate the greatest common factor of f and 6.
6
Let q be (3/(-9))/((-1)/9). Let m = 3 + q. What is the highest common factor of m and 24?
6
Let l be -1 - (-2 + 2) - -22. Suppose -4*a = -48 + 236. Let s = -26 - a. What is the highest common divisor of l and s?
21
Suppose -y + 5*u + 25 = 0, -u - u = 5*y - 44. Calculate the greatest common divisor of 2 and y.
2
Suppose -14 + 18 = 2*c. Suppose 13 = -c*w + 143. What is the highest common factor of 13 and w?
13
Let b = 2 - -6. Suppose 4*h - 6*s + 4*s = 250, -h = 2*s - 70. Calculate the highest common factor of b and h.
8
Let g be (24/10)/((-6)/(-40)). Suppose -5*c + g = 6. Calculate the highest common factor of 6 and c.
2
Let l be 8/6*(-15)/(-2). Suppose -3*z + 4*y + 23 + 33 = 0, 3*y + 97 = 5*z. Calculate the highest common factor of l and z.
10
Suppose -r + c = -0*r - 1, 0 = -3*c - 6. Let j be r/((2/20)/(-1)). Suppose 0*o = -3*o + 330. Calculate the highest common factor of o and j.
10
Let r = -9 - -10. Suppose 0*a + r = a. Suppose -9 = -5*w + a. Calculate the greatest common divisor of w and 22.
2
Suppose -76 = 2*a - 216. Calculate the highest common divisor of 10 and a.
10
Let d = 77 - 61. What is the greatest common divisor of d and 24?
8
Let h = -1 + -1. Let w(r) = -r**3 - 2*r**2 + r. Let b be w(h). Let m be (-1 - -15)*(-3)/b. Calculate the greatest common divisor of 3 and m.
3
Let r(n) = 2*n + 6. Let j be r(12). Calculate the highest common factor of 210 and j.
30
Suppose 3*g + 5*m = 230, g - 26 = 5*m + 44. Let s(p) = p**3 + 4*p**2 - 2*p + 1. Let w be s(-4). Let x = w + 21. Calculate the highest common factor of g and x.
15
Let h = -78 - -110. Calculate the highest common factor of 32 and h.
32
Suppose -3*x = -x - 8. Let y be (x/1 - 1)*1. What is the highest common factor of 3 and y?
3
Let i = 3 + -3. Let f(y) = 0*y + y + i*y + 12 + y. Let n be f(10). What is the highest common divisor of 48 and n?
16
Let p = 1 + -1. Suppose -2*o = -3*a + 4 + 2, p = 2*o. Let u be (-157)/(-7) + 18/(-42). Calculate the greatest common factor of a and u.
2
Suppose p = 4 + 4. Suppose 0*f - f + 2 = s, -5*s = -f - 34. Suppose 34 = 5*i - s. Calculate the greatest common divisor of p and i.
8
Let u(r) = 5*r - 18. Let x be u(12). What is the greatest common divisor of 6 and x?
6
Let v be ((-102)/(-4))/(7/14). What is the highest common factor of v and 17?
17
Let y = 10 + -3. Suppose -3 = 3*k, -3*a - 6*k = -5*k - 104. Calculate the greatest common factor of a and y.
7
Suppose j = -k - 9, 4*k + 71 = 2*j + j. Let y = 23 + k. Calculate the highest common factor of 6 and y.
3
Let q = 200 - 136. What is the highest common factor of 8 and q?
8
Let n(j) = -103*j**2 + 2*j + 3. Let o(r) = 207*r**2 - 4*r - 7. Let b(x) = -9*n(x) - 4*o(x). Let l be b(1). What is the highest common divisor of l and 14?
14
Suppose 4*d + 72 + 436 = 0. Let q = -54 - d. Suppose -5*y + 0*p = 2*p - q, 0 = 4*y - p - 48. What is the greatest common factor of y and 143?
13
Let s(p) = p**3 - 5*p**2 - 3*p + 1. Let u be s(7). Let c = u - 30. Suppose 3*r - 60 = 4*b, 3*b = -2*b + 15. What is the highest common factor of c and r?
24
Suppose -q + 3*h + 14 = 0, 2*q = -h - 3*h - 12. What is the greatest common factor of 3 and q?
1
Let g(a) = -a**2 + 2*a + 1. Let l be g(2). Suppose 0 = -46*v + 23*v + 23. What is the highest common divisor of l and v?
1
Let v = 79 + -40. Calculate the greatest common factor of 13 and v.
13
Let y(j) = -j + 1. Let l be y(-1). Suppose -l*w = -7 + 3. Suppose w*o - 39 - 71 = 0. Calculate the highest common divisor of 11 and o.
11
Let p be ((-15)/6)/(2/(-24)). Suppose 5 = -5*w - 3*v + 30, 2*v = 10. Suppose 0*q - 4*q - m = -44, 3*q + w*m = 28. What is the greatest common factor of q and p?
6
Suppose 3*l - 748 = -2*d, 3*l - 2*d - 3*d - 776 = 0. Calculate the greatest common factor of 36 and l.
36
Suppose -3*n + 3 = -0. Let x be (-8)/(n*-2*1). Suppose -3*k = -2*q + 79, 2*q + x*k = 3*q - 52. Calculate the greatest common factor of q and 4.
4
Let l be (-2)/(-6)*(-7 + 13). Suppose 3*q + 20 = 5*v - 2*q, 3*q = -2*v - l. Calculate the highest common divisor of 2 and v.
2
Suppose 44 = -5*r + 6*r. Calculate the greatest common factor of r and 4.
4
Let a = -171 + 362. Suppose 0 = 2*g - g - o - 64, 3*g - 2*o - a = 0. What is the highest common factor of g and 7?
7
Let n = 76 + -47. What is the highest common divisor of n and 203?
29
Let v = -26 - -131. Let i be (-1 + 3)/(8/60). What is the highest common factor of i and v?
15
Let u(o) = -4*o**2 - 7*o + 3. Let s be u(6). Let q be 3/(-5) - s/5. What is the highest common factor of 4 and q?
4
Suppose 11*s - s = 700. Calculate the greatest common divisor of s and 10.
10
Let m be (-12)/6 - 1*-7. Let z(s) = -s**2 + 7*s + 4. Let y be z(m). Calculate the greatest common divisor of y and 7.
7
Suppose -11 - 2 = -x. Let u(z) = -z**3 - 4*z**2 - 3. Let p be u(-4). Let v be (-4)/p*(-156)/(-8). Calculate the greatest common divisor of x and v.
13
Suppose -97 = -3*r - 5*m + 17, -r - 3*m = -42. What is the highest common factor of r and 11?
11
Let h(x) = 8*x + 2. Let l be h(2). What is the highest common factor of l and 2?
2
Suppose 0 = -3*s + s + 8. Let l = -70 + 124. Let b = l + -10. What is the highest common divisor of b and s?
4
Let w(y) = 4*y - 1. Let v(f) = f. Let r(h) = 6*v(h) + 2*w(h). Let q be r(3). What is the highest common divisor of q and 10?
10
Suppose -8*f = 20 - 140. Suppose 25 = 3*p + 2*r, -p - 2*p - 4*r = -35. Calculate the greatest common divisor of p and f.
5
Suppose 0*o + 4*o = 288. Suppose 4*r = 72 + o. Let f = 117 - r. What is the greatest common divisor of f and 9?
9
Let u = -43 + 67. Calculate the greatest common factor of u and 264.
24
Suppose -170 = -5*z - 45. What is the greatest common factor of 175 and z?
25
Let z be 5 + (4 - 3)*3. What is the highest common factor of z and 56?
8
Let v be 4/(-10) + (-1233)/(-45). What is the highest common factor of v and 3?
3
Suppose 0 = i + 22 - 43. Calculate the highest common factor of i and 3.
3
Suppose -20 = 2*d - 62. Suppose 3*n - d = -9. What is the highest common divisor of n and 6?
2
Let v be (8/10)/((-4)/(-430)). Suppose -3*n + 229 = -v. Suppose 71 = 5*b + 2*f, 4 = -4*f - 4. What is the highest common factor of b and n?
15
Let r be 0 + 4 + 1 + 1 + -4. Calculate the greatest common divisor of 13 and r.
1
Suppose -5*v + 36 = -4*c - 94, -c = -3*v + 71. What is the greatest common divisor of 44 and v?
22
Let c(j) = -4*j + 1. Let u be c(-1). What is the highest common divisor of 40 and 